y.
8
Let w = -14 + 20. Let x be (-214)/(-4) + (-3)/(-6). What is the highest common divisor of w and x?
6
Let z be -5*1*(-32)/5. Let o = -101 - -105. Calculate the highest common factor of o and z.
4
Let i = -48 + 57. What is the highest common factor of i and 45?
9
Let b be 10/35 + (-110)/(-7). Calculate the highest common divisor of 48 and b.
16
Let u be (-6)/9*63/(-2). What is the greatest common factor of u and 189?
21
Suppose -5*k + 2*k + 21 = 0. Suppose 4*u + 24 = k*u. Suppose -7*d + 4*d - t + 28 = 0, 2*d = -t + 20. Calculate the greatest common divisor of d and u.
8
Let u be 44/6 + 2/3. Suppose -z + 4 = -2*z, -5*z = -5*a + 420. What is the greatest common divisor of u and a?
8
Let a(u) = -u**3 + 2*u**2 - 2*u - 2. Let y be a(2). Let z(l) = l**2 + 2*l - 7. Let s be z(y). Calculate the greatest common divisor of s and 136.
17
Let g = -83 - -58. Let c = 48 + g. Let v = 29 + c. What is the greatest common factor of 78 and v?
26
Let y be 11 - 0*2/10. Calculate the highest common factor of y and 99.
11
Let q(b) = -b**2 - 13*b + 6. Let y be q(-12). Calculate the greatest common divisor of 3 and y.
3
Let j be 238/4 - 1/2. Let l = -8 + 34. Let x = j - l. What is the greatest common factor of 3 and x?
3
Suppose -5*x = -83 + 13. What is the highest common factor of x and 7?
7
Let o be 3 - (-3*11)/3. Let h = -2 + o. What is the greatest common divisor of h and 108?
12
Suppose -u + 3*d + 24 = -4*u, 0 = 4*u + 2*d + 22. Let m(i) = -i**3 - i**2 - 3*i - 3. Let s be m(u). Calculate the highest common factor of s and 6.
6
Let t = 31 - -15. Suppose 0 = 5*p + t - 166. What is the greatest common divisor of p and 16?
8
Let h(a) = -4*a. Let w be h(-1). Suppose 4*i - w*f - 180 = 0, -2*i - i + 4*f = -138. Calculate the highest common factor of 63 and i.
21
Let v = 363 - 174. Suppose 0 = -0*k - k + v. Calculate the highest common divisor of 27 and k.
27
Let n(z) = -28*z - 1. Let j be n(6). Let r = j - -277. Let q be (-5 + 3 - -2) + 12. Calculate the greatest common factor of q and r.
12
Let b(j) = 12*j**2 - 11*j - 10. Let i be b(-1). What is the greatest common factor of i and 260?
13
Let l be 96/40 + 2/(-5). Let y be l/8 - 1340/(-16). Calculate the greatest common divisor of 12 and y.
12
Let u = -151 - -105. Let y be (-1)/(-3) + u/(-6). Let a = y - -8. Calculate the greatest common factor of 8 and a.
8
Let b = -12 - -13. What is the highest common divisor of b and 2?
1
Let r = -8 + 20. Calculate the greatest common divisor of 12 and r.
12
Suppose -28 = -7*h + 3*h. Let w be ((-18)/h)/((-6)/28). Calculate the highest common divisor of w and 60.
12
Let j(o) = o**2 + 4*o - 26. Let l be j(-12). Calculate the highest common divisor of l and 42.
14
Suppose d - 11 = 76. Let o = d - 17. What is the greatest common factor of o and 14?
14
Suppose -5*h = 2*n - 21, -2*n + 3*h = 2*h - 15. Suppose -22 = -9*m + 14. What is the greatest common factor of n and m?
4
Let c be 1 - (-4 - (-1 + -1)). Let x(u) = u**c + 4*u - 1 - 2 + 7 + 5*u**2 - 1. Let q be x(-4). What is the highest common factor of q and 2?
1
Let h(l) = -l**3 - 14*l**2 - l + 23. Let k be h(-14). Calculate the highest common divisor of k and 185.
37
Let c = -9 - 6. Let j be (-18)/c*(0 - -5). Let q = -1 + 4. Calculate the highest common factor of j and q.
3
Suppose 0 = y + 4, -3*y - 44 = -5*m + 8. Calculate the highest common factor of m and 16.
8
Let r = -131 - -140. Calculate the greatest common factor of r and 3.
3
Let z be (-1)/(-4) - (-2085)/60. What is the greatest common factor of z and 5?
5
Let s(w) = w + 7. Let k be s(0). Let h be (-40)/14*k/(-2). Calculate the greatest common divisor of 30 and h.
10
Suppose 4*f - 9*f = -175. Let q = f + -21. Calculate the greatest common factor of 112 and q.
14
Let b(c) = c + 3. Let r be b(-1). What is the highest common factor of r and 14?
2
Suppose -2*q = 1 - 11, -y + q + 2 = 0. Let s(o) = -o**3 + 5*o**2 + 2*o + 4. Let b be s(5). Let i = b + 0. What is the highest common divisor of y and i?
7
Let u(t) = 20*t**3 - 4*t + 3. Let a be u(2). What is the greatest common factor of 62 and a?
31
Suppose -2*i - 4 = -2. Let j(b) = -11*b**3 + b. Let u be j(i). Let f(h) = -5*h - 5. Let q be f(-9). What is the greatest common divisor of u and q?
10
Let z(q) = -q**3 + 6*q**2 + 9*q - 8. Let n be z(7). What is the highest common factor of n and 24?
6
Suppose 3*b - 4*b = -224. Calculate the highest common divisor of 32 and b.
32
Let v be -5 - -2 - (-2 - -3)*-83. Calculate the highest common factor of v and 10.
10
Let m(f) = -f**3 + 10*f**2 + 2*f + 10. Let n be m(10). What is the greatest common divisor of 270 and n?
30
Let b be 19/1 + (1 - 2). Let h(s) = 2*s**2 - 6*s - 4. Let k be h(5). Let y be (k/2)/(-4) - -56. Calculate the highest common divisor of y and b.
18
Let h be (-6)/((-6)/3) + 1. Suppose -4*t + 8 + h = 0. Suppose -t*n + 12 = -12. What is the greatest common divisor of 16 and n?
8
Let z be ((-2)/6)/(11/(-6897)). Let y = 26 + -7. What is the greatest common divisor of z and y?
19
Suppose -2*l - 5*g = -28, -2*g + 8 = -0*g. Suppose 2*m + 24 = l*m. Suppose -q + 19 = -3*h + 56, -h = 3*q - 9. Calculate the greatest common factor of h and m.
12
Suppose -243 = -4*h + 77. Suppose -2*x = 2*x - h. What is the greatest common divisor of x and 2?
2
Let i be (14/(-4))/(4/(-72)). Calculate the greatest common factor of 9 and i.
9
Let v be ((-20)/(-35))/(-1)*(-35)/10. Suppose n = 2*n - 10. Calculate the highest common factor of v and n.
2
Suppose -3*q = 2*q - 10. Suppose -b - q*b = -204. What is the highest common factor of b and 17?
17
Let t = 8 + -4. Suppose -z + 15 = t*z. What is the highest common factor of 3 and z?
3
Let f(w) = 2*w**2. Let b be f(1). Let s = b + -12. Let c = s + 15. What is the greatest common factor of c and 25?
5
Suppose l + 3*l - 4*r = 8, 5*l - 10 = -r. Suppose f = l*f - 8. Calculate the highest common factor of f and 2.
2
Let z be 16 - (3 + 0) - (-3 - 0). What is the greatest common factor of z and 48?
16
Let p = -32 + 47. Suppose a - 2*v - 13 = 0, a = -0*v + 5*v + 10. What is the highest common divisor of p and a?
15
Let h be -3 + (0 - -1) - -17. Calculate the highest common divisor of h and 135.
15
Let s(u) = 2*u**2 + 4*u + 2. Let k be s(-2). Suppose -k - 5 = -l. Let b = 3 + l. What is the greatest common divisor of b and 20?
10
Suppose 5*j + 3*v - 292 = -54, 4*j + v = 196. Suppose h - 3*h + 4*c = -j, -65 = -5*h - 2*c. What is the greatest common factor of 10 and h?
5
Let t = -10 - -10. Suppose -u + 84 = -0*x + x, t = 2*x - u - 180. What is the greatest common factor of x and 8?
8
Let m(x) = x**3 + 12*x**2 + 9*x + 9. Let h be m(-9). Let w(z) = -z + 7. Let j be w(-12). Calculate the highest common divisor of h and j.
19
Let i(u) = 3*u**2 + 3*u - 5. Suppose o + 18 = 3*o + 5*r, 0 = 5*o - 3*r - 14. Let q be i(o). What is the highest common divisor of q and 22?
11
Let t = -1 - -16. Let z(j) = 27*j**2 - 4*j + 5. Let g be z(2). What is the highest common factor of g and t?
15
Let t(z) = 37*z**3 - 1. Let n be t(1). What is the greatest common divisor of 9 and n?
9
Suppose -4*q - 2*j = -j + 32, -10 = 2*q - j. Let h be 50/(-4) - (-2)/(-4). Let g = q - h. What is the greatest common divisor of 54 and g?
6
Let m be 6/(12/(-2)) + 17. Calculate the greatest common divisor of m and 176.
16
Suppose -2*q - 11 - 9 = 0. Let z = 46 + q. Calculate the highest common divisor of z and 9.
9
Suppose 2*h - 185 = -0*h - 5*n, -345 = -4*h - 5*n. What is the highest common factor of 32 and h?
16
Let p(y) = 3*y**2 + 2. Let g be p(2). Let j = -28 + 42. Calculate the highest common divisor of j and g.
14
Let a be (-4)/10 - (8/(-20) - 1). Suppose 5 = 5*g, -o - 6*g = -2*g - 12. Calculate the greatest common factor of a and o.
1
Let j be (-3)/(-1) + -1*2. Let y = 4 - j. Suppose 0 = y*g - u - 3 - 25, 4*u + 32 = 4*g. Calculate the greatest common divisor of 20 and g.
10
Suppose 3*c - 4*g + 2 = 0, -4*c - g + 3*g - 16 = 0. Let w be (c/9)/((-8)/1380). Calculate the greatest common divisor of 23 and w.
23
Suppose 0 = 9*p - 6*p - 63. What is the greatest common factor of 63 and p?
21
Let k = -1 - -9. Let s = -8 - -6. Let a be (-3 + 1)*1/s. Calculate the greatest common factor of a and k.
1
Let r(j) = -67*j**2 - 1. Let g be r(1). Let i be g/(-12) - (-4)/(-6). Let s = 0 - -2. What is the greatest common divi